 What is the tens digit of ((-6)/(-9))/(y/99)?
3
Let m = 8 + -13. Let k(v) be the second derivative of v**4/12 - 3*v**2 - 10*v. What is the tens digit of k(m)?
1
Suppose j - 5 = 0, 3*j = 2*n + 3*n. Suppose x + n*g = 4*x + 6, 3*x - g = 2. What is the tens digit of x/6*(6 + 69)?
2
Suppose y = 12 - 10. Suppose -o - 2*u = -62, 157 - 23 = 2*o + y*u. What is the tens digit of o?
7
Suppose -2*d + 4*p - 3*p - 2 = 0, 12 = -3*p. Let w(r) = -20*r + 4. What is the tens digit of w(d)?
6
Suppose 0 = -8*g + 3*g + 20. Let f be (-3 + g)/((-2)/(-4)). Suppose s + 17 = 3*w, -f*w = -w + 2*s - 15. What is the units digit of w?
7
Let m = -29 - -34. Suppose -m*h + 200 = 4*i, -h - 3*i - 80 = -3*h. What is the tens digit of h?
4
Suppose 22 = 9*c + 2*c. What is the units digit of c/(-4) + 3969/14?
3
Suppose 6*b - b + 4*i - 26 = 0, -4*b - 5*i + 28 = 0. Suppose 88 = 2*x + b*x. What is the units digit of x?
2
Let n = -207 - -358. What is the tens digit of n?
5
Suppose 3*j - 90 = -0*j. What is the tens digit of ((-68)/(-8))/(5/j)?
5
Let c = 89 - 63. What is the units digit of 3*c/(-2)*-1?
9
Let w(z) = -z**3 - 9*z**2 - z - 7. Let d be w(-9). Suppose -4*n - m = 4*m + 47, d*n = 4*m - 30. Let c = n - -38. What is the units digit of c?
5
Suppose 2*k = 7*k - 175. Suppose k*i - 36*i = -1. What is the units digit of i?
1
Let d(m) = 35*m**3 - 4*m**2 - 3*m - 1. Let h = 25 - 29. Let a(b) = -b**2 - b. Let w(s) = h*a(s) + d(s). What is the units digit of w(1)?
5
Let v be 4 + -1 + (5 - 3). Suppose 0*i - 5*z - 215 = -v*i, -4*z + 197 = 5*i. What is the units digit of i?
1
Suppose -2*w + 9 = -2*y - 29, 4*w = -3*y - 50. Suppose -2*s - 2*s = -4*m - 4, -5 = 5*s. Let q = m - y. What is the units digit of q?
6
Suppose 4*z = -3*p - 219 + 5026, 4*p = 4*z - 4828. What is the tens digit of z?
0
Let m = -19 - -24. Suppose 19 = o - m*h - 10, h = -2. What is the units digit of o?
9
Suppose -2*m + 3054 = -2156. What is the hundreds digit of m?
6
Let p be ((-17)/2)/((-8)/(-16)). Let a = p - -19. What is the units digit of a/(5*(-6)/(-555))?
7
Let g(f) = -10*f - 8. Let s be g(-3). Let i be ((-8)/(-6))/(s/99). Suppose i*t = t + 15. What is the units digit of t?
3
What is the thousands digit of (-28)/6*(1 - 6073/7)?
4
Let k(t) = -100*t - 1. Suppose 0 = -o - 0*o, -2*d - 3*o = 2. What is the units digit of k(d)?
9
Suppose p - 3*s + 7*s - 497 = 0, 0 = p + 3*s - 497. What is the units digit of p?
7
Suppose -d + 18 = -37. Let j = -65 - -72. Let y = d - j. What is the tens digit of y?
4
Let j = -620 - -385. Let s = j - -373. What is the hundreds digit of s?
1
Suppose 339 = t + 2*t. Suppose -4*b - 3*j = 184, 3*b + t = 3*j + j. Let h = b + 74. What is the units digit of h?
1
Let t(x) = -x**3 + 28*x**2 + 13*x + 69. What is the hundreds digit of t(28)?
4
Let z be -2*1/((-4)/18). Let g be (-2)/z + 64/(-36). What is the units digit of g/(-7) + 35/49?
1
Let l = 42 - 27. Suppose 6*g - g - l = 0. Suppose -20 = -g*s - s. What is the units digit of s?
5
Let r(w) = -w**3 + 9*w**2 - 9*w + 6. Let i be ((-1)/(-3))/((-1)/(-6)). Suppose -4*c - 5 = -5*q, -i*q = q - 15. What is the tens digit of r(c)?
6
Let o = 692 - 245. What is the hundreds digit of o?
4
Suppose -4*b + 7 = 3*a, 2*b = 4*a - 2*a + 14. Suppose -b*i = 1 + 7. What is the tens digit of 18/(-12) - 41/i?
1
Let q = 75 - -228. What is the units digit of q?
3
Let s = -6 + 9. Let l(g) = -5*g**3 + 4*g**2 + g - 7. Let y(a) = -5*a**3 + 3*a**2 + a - 6. Let h(x) = s*l(x) - 4*y(x). What is the tens digit of h(2)?
4
Suppose -t = 3*h - 7*h - 956, 5*t - 2*h - 4834 = 0. What is the tens digit of t?
6
Let a(n) = n**3 + 34*n**2 + 76*n + 26. What is the hundreds digit of a(-31)?
5
Let h(j) = 24*j**2 + 41*j + 89. What is the tens digit of h(-2)?
0
Let x(i) = 10*i**3 - 5*i**2 + 14*i + 10. What is the hundreds digit of x(4)?
6
Suppose 4*s = -n - 12, -n - 19 = -5*s + 2. Let j = -14 - n. What is the units digit of (4 - -89)*j/3?
2
Let i(d) be the second derivative of -10*d + 13/2*d**2 - 2/3*d**3 + 0. What is the tens digit of i(-6)?
3
Suppose k - 3*m = 62, 0*k - 4*m = k - 48. Let s = k + -98. What is the units digit of (3/9)/((-2)/s)?
7
Let l be 3 - (0/(-3) + 3). Suppose -6*s + 3*s + 6 = l. What is the tens digit of (s/6)/(4/156)?
1
Suppose 6 = 3*w - w. Suppose -4 = -w*q + 107. Let t = q + -25. What is the units digit of t?
2
What is the thousands digit of (-674856)/(-378) + 2/(-6)?
1
Suppose 5*n - 2*m - 3 = 6, -n + 4*m = -9. Suppose 19 = -4*q - n. Let p = 7 + q. What is the units digit of p?
2
Let d be 24/(-60) + 10204/10. Suppose -5*j = -10*j + d. Suppose 4*u + 4*n = -0*u + j, u + 5*n = 59. What is the tens digit of u?
4
Let h(b) = 16*b - b**2 - 9*b + 17 + 4*b. What is the units digit of h(11)?
7
Suppose -3*z = -8 - 4. Suppose -z*m + 79 = -93. What is the tens digit of m?
4
Let h(v) = -v**3 - 2*v**2 - 2*v + 1. Let l be h(-2). Suppose 2*u - l*y = 32 + 64, -u - y + 48 = 0. What is the units digit of u?
8
Suppose 66 = 5*k - 244. Suppose a + k = 3*a. What is the tens digit of 5 - 3 - (1 - a)?
3
Let r(g) = -g**3 + 6*g**2 - 3*g - 7. Let k be r(5). Suppose 2*j = 4, -k*b + j - 29 = -4*b. What is the tens digit of b?
2
Let q(x) = -47*x**2 - 1. Let s be q(1). Let a be 2/9 + s/(-27). Suppose -a*y - 167 = -5*k + y, 0 = 2*k - 5*y - 82. What is the units digit of k?
1
Let x(m) = -m**3 - 3*m**2 + 3*m - 6. What is the units digit of x(-5)?
9
Let y be (-4 + 0)*(-486)/24. Suppose 303 = 6*v + y. Suppose v = 2*m - 29. What is the units digit of m?
3
What is the tens digit of ((-1)/((-2)/(-1)))/(4/(-16504))?
6
Suppose 0 = -12*m - 512 - 208. What is the units digit of m/48*(-2 - 18)?
5
Let a = 0 + 3. Suppose -4 = -a*k + k. Suppose 48 = k*t - 20. What is the units digit of t?
4
Let a = 43 + -136. Let c(v) = 2*v**2 + 10*v - 6. Let u be c(7). Let j = u + a. What is the units digit of j?
9
Let k(n) = -n**2 - 17*n + 18. Let h be k(-18). Let t(x) = -5*x + 6. Let v(s) = -9*s + 13. Let c(q) = -11*t(q) + 6*v(q). What is the tens digit of c(h)?
1
Let z be (-12)/(-16) + 243/(-4). Let q = z + 113. What is the units digit of q?
3
Let s(b) = -7*b**2. Let c be s(-1). Suppose -y - 2*l = -4, 4*l - 3 = 4*y - 7. What is the units digit of c/(-2)*(0 + y)?
7
Let u = -12 + 24. Suppose -u = -t + 2. Let g = t + 8. What is the units digit of g?
2
Suppose m - 4 = -3. What is the tens digit of -3 - (258*m)/(-3)?
8
Let f be -6*(-2)/(-3)*(-12)/16. Suppose -f*s = -62 - 1. What is the tens digit of s?
2
Suppose 1 + 26 = 5*g + 3*j, -14 = -2*g - 2*j. What is the units digit of (3 - (g + 5)/1)*-14?
0
Let w(q) = 0*q**3 + 2*q**3 + 1 - 8*q - 8*q**2 - 3*q**3. Let v(g) = -g**3 + 3*g**2 - 5*g - 1. Let n be v(2). What is the units digit of w(n)?
8
What is the thousands digit of -4*(2442/(-8) - 7)?
1
Let x(j) = 69*j**3. Suppose 5*g - 20 = -0. Suppose -l - g*l = -5. What is the units digit of x(l)?
9
Suppose 1258*r - 1264*r + 20814 = 0. What is the hundreds digit of r?
4
Let x(u) = -u**3 - 12*u**2 - u - 9. Let a = -32 + 20. What is the units digit of x(a)?
3
Suppose -g - 2*u = 5, -2*g + 5*u + 8 = -0*g. Let l(j) = -45*j - 5. What is the tens digit of l(g)?
4
Let s(w) = -w**3 + 23*w**2 - 49*w + 31. What is the units digit of s(20)?
1
Let l = 105 + -148. Let s = 55 + l. What is the units digit of s?
2
Suppose -5*v = -897 - 53. Suppose -3*k - v = -8*k. Let t = 83 - k. What is the units digit of t?
5
Let z(a) = a**3 - 2*a**2 + 3*a + 4. Let h(n) be the third derivative of n**4/8 + 4*n**2. Let r be h(1). What is the tens digit of z(r)?
2
Let f(t) = 118*t - 5. What is the units digit of f(1)?
3
Let x(g) = -4*g - 11. Let z be x(-14). Suppose 4*a = -2*o - 3*o + 55, -3*a - 3*o + z = 0. What is the tens digit of (-2)/(-3 + 59/a)?
4
Suppose -3*b = 3*v - 267, 3*v + 3*b - 2*b - 261 = 0. Suppose 0*l = -4*h - 3*l + 191, -3*l + 41 = h. Suppose 4*i = h + v. What is the units digit of i?
4
Let s(h) = -5*h**2 + 3*h + 3. Let a be s(-2). Let l = a + 19. What is the units digit of (-30)/(l/(-16)*-6)?
0
Let i(h) = h**3 + 12*h**2 - 20*h + 1. Let r be i(-15). What is the hundreds digit of (-57664)/r + 2/(-11)?
1
Let j(b) = -2*b**3 + 8*b**2 + 30*b + 29. What is the units digit of j(-6)?
9
Let x(j) = 188*j + 215. What is the thousands digit of x(10)?
2
Suppose -2*i = 39 + 43. Let y = i - -94. What is the tens digit of y?
5
Suppose 2*v + 531 = d - 1314, 0 = -4*v. What is the ten